{"id":14,"date":"2022-09-21T19:07:55","date_gmt":"2022-09-21T17:07:55","guid":{"rendered":"https:\/\/dniadaptacyjne.usz.edu.pl\/index.php\/contact-us\/"},"modified":"2024-09-20T10:11:15","modified_gmt":"2024-09-20T08:11:15","slug":"kontakt","status":"publish","type":"page","link":"https:\/\/dniadaptacyjne.usz.edu.pl\/index.php\/kontakt\/","title":{"rendered":"Kontakt"},"content":{"rendered":"\t\t<div data-elementor-type=\"wp-page\" data-elementor-id=\"14\" class=\"elementor elementor-14\">\n\t\t\t\t\t\t<section class=\"elementor-section elementor-top-section elementor-element elementor-element-317d8ff0 elementor-section-content-middle elementor-section-height-min-height elementor-section-items-stretch elementor-section-boxed elementor-section-height-default\" data-id=\"317d8ff0\" data-element_type=\"section\">\n\t\t\t\t\t\t<div class=\"elementor-container elementor-column-gap-no\">\n\t\t\t\t\t<div class=\"elementor-column elementor-col-50 elementor-top-column elementor-element elementor-element-4d94fc38\" data-id=\"4d94fc38\" data-element_type=\"column\">\n\t\t\t<div class=\"elementor-widget-wrap elementor-element-populated\">\n\t\t\t\t\t\t<div class=\"elementor-element elementor-element-6992ee5c elementor-invisible elementor-widget elementor-widget-heading\" data-id=\"6992ee5c\" data-element_type=\"widget\" data-settings=\"{&quot;_animation&quot;:&quot;fadeIn&quot;}\" data-widget_type=\"heading.default\">\n\t\t\t\t<div class=\"elementor-widget-container\">\n\t\t\t\t\t<h2 class=\"elementor-heading-title elementor-size-default\">Kontakt<\/h2>\t\t\t\t<\/div>\n\t\t\t\t<\/div>\n\t\t\t\t<div class=\"elementor-element elementor-element-3b23d92d elementor-widget elementor-widget-text-editor\" data-id=\"3b23d92d\" data-element_type=\"widget\" data-widget_type=\"text-editor.default\">\n\t\t\t\t<div class=\"elementor-widget-container\">\n\t\t\t\t\t\t\t\t\t<p>W sprawie Dni Adaptacyjnych prosimy o kontakt z Sekcj\u0105 ds. Studenckich <em>(dziekanatem)<\/em> przypisan\u0105 do Twojego Wydzia\u0142u. Informacje kontaktowe znajdziesz na stronie:\u00a0<a href=\"https:\/\/dos.usz.edu.pl\/kontakt\/\" target=\"_blank\" rel=\"noopener\">https:\/\/dos.usz.edu.pl\/kontakt\/<\/a><\/p>\t\t\t\t\t\t\t\t<\/div>\n\t\t\t\t<\/div>\n\t\t\t\t<div class=\"elementor-element elementor-element-5388552 elementor-widget elementor-widget-video\" data-id=\"5388552\" data-element_type=\"widget\" data-settings=\"{&quot;youtube_url&quot;:&quot;https:\\\/\\\/www.youtube.com\\\/watch?v=J5VVk5NhpGs&amp;list=PLJeIDJCLiMQABBYEpX6FTCjRCTevP90BC&amp;index=8&amp;pp=iAQB&quot;,&quot;video_type&quot;:&quot;youtube&quot;,&quot;controls&quot;:&quot;yes&quot;}\" data-widget_type=\"video.default\">\n\t\t\t\t<div class=\"elementor-widget-container\">\n\t\t\t\t\t\t\t<div class=\"elementor-wrapper elementor-open-inline\">\n\t\t\t<div class=\"elementor-video\"><\/div>\t\t<\/div>\n\t\t\t\t\t\t<\/div>\n\t\t\t\t<\/div>\n\t\t\t\t\t<\/div>\n\t\t<\/div>\n\t\t\t\t<div class=\"elementor-column elementor-col-50 elementor-top-column elementor-element elementor-element-656184c6\" data-id=\"656184c6\" data-element_type=\"column\" data-settings=\"{&quot;background_background&quot;:&quot;classic&quot;}\">\n\t\t\t<div class=\"elementor-widget-wrap elementor-element-populated\">\n\t\t\t\t\t\t<div class=\"elementor-element elementor-element-420d8da6 elementor-widget elementor-widget-spacer\" data-id=\"420d8da6\" data-element_type=\"widget\" data-widget_type=\"spacer.default\">\n\t\t\t\t<div class=\"elementor-widget-container\">\n\t\t\t\t\t\t\t<div class=\"elementor-spacer\">\n\t\t\t<div class=\"elementor-spacer-inner\"><\/div>\n\t\t<\/div>\n\t\t\t\t\t\t<\/div>\n\t\t\t\t<\/div>\n\t\t\t\t\t<\/div>\n\t\t<\/div>\n\t\t\t\t\t<\/div>\n\t\t<\/section>\n\t\t\t\t<\/div>\n\t\t","protected":false},"excerpt":{"rendered":"<p>Kontakt W sprawie Dni Adaptacyjnych prosimy o kontakt z Sekcj\u0105 ds. Studenckich (dziekanatem) przypisan\u0105 do Twojego Wydzia\u0142u. Informacje kontaktowe znajdziesz na stronie:\u00a0https:\/\/dos.usz.edu.pl\/kontakt\/ https:\/\/www.youtube.com\/watch?v=J5VVk5NhpGs&#038;list=PLJeIDJCLiMQABBYEpX6FTCjRCTevP90BC&#038;index=8&#038;pp=iAQB<\/p>\n","protected":false},"author":2,"featured_media":0,"parent":0,"menu_order":0,"comment_status":"closed","ping_status":"closed","template":"elementor_header_footer","meta":{"footnotes":""},"class_list":["post-14","page","type-page","status-publish","hentry"],"_links":{"self":[{"href":"https:\/\/dniadaptacyjne.usz.edu.pl\/index.php\/wp-json\/wp\/v2\/pages\/14","targetHints":{"allow":["GET"]}}],"collection":[{"href":"https:\/\/dniadaptacyjne.usz.edu.pl\/index.php\/wp-json\/wp\/v2\/pages"}],"about":[{"href":"https:\/\/dniadaptacyjne.usz.edu.pl\/index.php\/wp-json\/wp\/v2\/types\/page"}],"author":[{"embeddable":true,"href":"https:\/\/dniadaptacyjne.usz.edu.pl\/index.php\/wp-json\/wp\/v2\/users\/2"}],"replies":[{"embeddable":true,"href":"https:\/\/dniadaptacyjne.usz.edu.pl\/index.php\/wp-json\/wp\/v2\/comments?post=14"}],"version-history":[{"count":37,"href":"https:\/\/dniadaptacyjne.usz.edu.pl\/index.php\/wp-json\/wp\/v2\/pages\/14\/revisions"}],"predecessor-version":[{"id":1314,"href":"https:\/\/dniadaptacyjne.usz.edu.pl\/index.php\/wp-json\/wp\/v2\/pages\/14\/revisions\/1314"}],"wp:attachment":[{"href":"https:\/\/dniadaptacyjne.usz.edu.pl\/index.php\/wp-json\/wp\/v2\/media?parent=14"}],"curies":[{"name":"wp","href":"https:\/\/api.w.org\/{rel}","templated":true}]}}

<div data-elementor-type="wp-page" data-elementor-id="14" class="elementor elementor-14">
						<section class="elementor-section elementor-top-section elementor-element elementor-element-317d8ff0 elementor-section-content-middle elementor-section-height-min-height elementor-section-items-stretch elementor-section-boxed elementor-section-height-default" data-id="317d8ff0" data-element_type="section">
						<div class="elementor-container elementor-column-gap-no">
					<div class="elementor-column elementor-col-50 elementor-top-column elementor-element elementor-element-4d94fc38" data-id="4d94fc38" data-element_type="column">
			<div class="elementor-widget-wrap elementor-element-populated">
						<div class="elementor-element elementor-element-6992ee5c elementor-invisible elementor-widget elementor-widget-heading" data-id="6992ee5c" data-element_type="widget" data-settings="{&quot;_animation&quot;:&quot;fadeIn&quot;}" data-widget_type="heading.default">
				<div class="elementor-widget-container">
					<h2 class="elementor-heading-title elementor-size-default">Kontakt</h2>				</div>
				</div>
				<div class="elementor-element elementor-element-3b23d92d elementor-widget elementor-widget-text-editor" data-id="3b23d92d" data-element_type="widget" data-widget_type="text-editor.default">
				<div class="elementor-widget-container">
									<p>W sprawie Dni Adaptacyjnych prosimy o kontakt z Sekcją ds. Studenckich <em>(dziekanatem)</em> przypisaną do Twojego Wydziału. Informacje kontaktowe znajdziesz na stronie: <a href="https://dos.usz.edu.pl/kontakt/" target="_blank" rel="noopener">https://dos.usz.edu.pl/kontakt/</a></p>								</div>
				</div>
				<div class="elementor-element elementor-element-5388552 elementor-widget elementor-widget-video" data-id="5388552" data-element_type="widget" data-settings="{&quot;youtube_url&quot;:&quot;https:\/\/www.youtube.com\/watch?v=J5VVk5NhpGs&amp;list=PLJeIDJCLiMQABBYEpX6FTCjRCTevP90BC&amp;index=8&amp;pp=iAQB&quot;,&quot;video_type&quot;:&quot;youtube&quot;,&quot;controls&quot;:&quot;yes&quot;}" data-widget_type="video.default">
				<div class="elementor-widget-container">
							<div class="elementor-wrapper elementor-open-inline">
			<div class="elementor-video"></div>		</div>
						</div>
				</div>
					</div>
		</div>
				<div class="elementor-column elementor-col-50 elementor-top-column elementor-element elementor-element-656184c6" data-id="656184c6" data-element_type="column" data-settings="{&quot;background_background&quot;:&quot;classic&quot;}">
			<div class="elementor-widget-wrap elementor-element-populated">
						<div class="elementor-element elementor-element-420d8da6 elementor-widget elementor-widget-spacer" data-id="420d8da6" data-element_type="widget" data-widget_type="spacer.default">
				<div class="elementor-widget-container">
							<div class="elementor-spacer">
			<div class="elementor-spacer-inner"></div>
		</div>
						</div>
				</div>
					</div>
		</div>
					</div>
		</section>
				</div>

<p>Kontakt W sprawie Dni Adaptacyjnych prosimy o kontakt z Sekcją ds. Studenckich (dziekanatem) przypisaną do Twojego Wydziału. Informacje kontaktowe znajdziesz na stronie: https://dos.usz.edu.pl/kontakt/ https://www.youtube.com/watch?v=J5VVk5NhpGs&#038;list=PLJeIDJCLiMQABBYEpX6FTCjRCTevP90BC&#038;index=8&#038;pp=iAQB</p>
